{"id":1334,"date":"2020-09-17T20:38:49","date_gmt":"2020-09-17T20:38:49","guid":{"rendered":"https:\/\/www.windsorpubliclibrary.com\/learn\/?page_id=1334"},"modified":"2025-04-15T17:40:12","modified_gmt":"2025-04-15T17:40:12","slug":"grade-5-french-core-reading","status":"publish","type":"page","link":"https:\/\/www.windsorpubliclibrary.com\/learn\/index.php\/grade-1-8\/grade-5\/grade-5-french-core-reading\/","title":{"rendered":"Grade 5 &#8211; French Core : Reading"},"content":{"rendered":"<p><strong>Grade 5 Overall Expectations:<\/strong><\/p>\n<p>Determine meaning in a variety of French texts, using a range of reading comprehension strategies<\/p>\n<ul>\n<li><a href=\"https:\/\/wind.ent.sirsidynix.net\/client\/en_US\/default\/search\/detailnonmodal\/ent:$002f$002fSD_ILS$002f0$002fSD_ILS:813492\/one\" target=\"_blank\" rel=\"noopener noreferrer\">Les Lionceaux<\/a> (Book)<\/li>\n<li><a href=\"https:\/\/wind.ent.sirsidynix.net\/client\/en_US\/default\/search\/detailnonmodal\/ent:$002f$002fSD_ILS$002f0$002fSD_ILS:838697\/one\" target=\"_blank\" rel=\"noopener noreferrer\">Nous sommes dans un livre!<\/a> (Book)<\/li>\n<li><a href=\"https:\/\/wind.ent.sirsidynix.net\/client\/en_US\/default\/search\/detailnonmodal\/ent:$002f$002fSD_ILS$002f0$002fSD_ILS:838712\/one\" target=\"_blank\" rel=\"noopener noreferrer\">Ben entreprend un anniversaire<\/a> (Book)<\/li>\n<li><a href=\"https:\/\/wind.ent.sirsidynix.net\/client\/en_US\/default\/search\/detailnonmodal\/ent:$002f$002fSD_ILS$002f0$002fSD_ILS:716811\/one\" target=\"_blank\" rel=\"noopener noreferrer\">Les Amis Qui Voguaient \u00c0 L&#8217;aventure<\/a> (Book)<\/li>\n<li><a href=\"https:\/\/www.hoopladigital.com\/title\/11706220\" target=\"_blank\" rel=\"noopener noreferrer\">D&#8217;o\u00f9 \u00cates-Vous? \/ Where Are You From?<\/a> (Hoopla eBook)<\/li>\n<li><a href=\"https:\/\/www.hoopladigital.com\/title\/12341923\" target=\"_blank\" rel=\"noopener noreferrer\">\u00catre gentil (Showing Kindness)<\/a> (Hoopla eBook)<\/li>\n<\/ul>\n<p>Identify the purpose(s) and characteristics of a variety of adapted and authentic text forms, including fictional, informational, graphic, and media forms<\/p>\n<ul>\n<li><a href=\"https:\/\/wind.ent.sirsidynix.net\/client\/en_US\/default\/search\/detailnonmodal\/ent:$002f$002fSD_ILS$002f0$002fSD_ILS:813091\/one\" target=\"_blank\" rel=\"noopener noreferrer\">L&#8217;age Des Dinosaures <\/a>(Book)<\/li>\n<li><a href=\"https:\/\/wind.ent.sirsidynix.net\/client\/en_US\/default\/search\/detailnonmodal\/ent:$002f$002fSD_ILS$002f0$002fSD_ILS:813335\/one\" target=\"_blank\" rel=\"noopener noreferrer\">Star Wars. Les Dro\u00efdes<\/a> (Book)<\/li>\n<li><a href=\"https:\/\/wind.ent.sirsidynix.net\/client\/en_US\/default\/search\/detailnonmodal\/ent:$002f$002fSD_ILS$002f0$002fSD_ILS:813044\/one\" target=\"_blank\" rel=\"noopener noreferrer\">La merveilleuse machine \u00e0 se faire des amis<\/a> (Book)<\/li>\n<li><a href=\"https:\/\/www.thecanadianencyclopedia.ca\/fr\/article\/histoire-de-lacadie\" target=\"_blank\" rel=\"noopener noreferrer\">Quelques faits int\u00e9ressants au sujet de l\u2019Acadie<\/a> (Website)<\/li>\n<\/ul>\n<p>Demonstrate an understanding of information in French texts about aspects of culture in diverse French-speaking communities and other communities around the world, and of French sociolinguistic conventions used in a variety of situations and communities<\/p>\n<ul>\n<li><a href=\"https:\/\/wind.ent.sirsidynix.net\/client\/en_US\/default\/search\/detailnonmodal\/ent:$002f$002fSD_ILS$002f0$002fSD_ILS:668179\/one\" target=\"_blank\" rel=\"noopener noreferrer\">Festivites de chez nous<\/a> (Book)<\/li>\n<li><a href=\"https:\/\/wind.ent.sirsidynix.net\/client\/en_US\/default\/search\/detailnonmodal\/ent:$002f$002fSD_ILS$002f0$002fSD_ILS:655004\/one\" target=\"_blank\" rel=\"noopener noreferrer\">Le jour de la Saint-Jean-Baptiste<\/a> (Book)<\/li>\n<li><a href=\"https:\/\/www.thecanadianencyclopedia.ca\/en\/article\/bonhomme-bonhomme-emc\" target=\"_blank\" rel=\"noopener noreferrer\">Bonhomme! Bonhomme!<\/a> (Website)<\/li>\n<li><a href=\"https:\/\/www.clo-ocol.gc.ca\/en\/tools-resources\/snapshots-official-languages\" target=\"_blank\" rel=\"noopener noreferrer\">Les langues officielles du Canada <\/a>(Website)<\/li>\n<\/ul>\n","protected":false},"excerpt":{"rendered":"<p>Grade 5 Overall Expectations: Determine meaning in a variety of French texts, using a range of reading comprehension strategies Les Lionceaux (Book) Nous sommes dans un livre! (Book) Ben entreprend un anniversaire (Book) Les Amis Qui Voguaient \u00c0 L&#8217;aventure (Book) D&#8217;o\u00f9 \u00cates-Vous? \/ Where Are You From? (Hoopla eBook) \u00catre gentil (Showing Kindness) (Hoopla eBook) &hellip; <a class=\"read-excerpt\" href=\"https:\/\/www.windsorpubliclibrary.com\/learn\/index.php\/grade-1-8\/grade-5\/grade-5-french-core-reading\/\">Continue reading <span class=\"meta-nav\">&raquo;<\/span><\/a><\/p>\n","protected":false},"author":1,"featured_media":0,"parent":23,"menu_order":0,"comment_status":"closed","ping_status":"closed","template":"","meta":[],"_links":{"self":[{"href":"https:\/\/www.windsorpubliclibrary.com\/learn\/index.php\/wp-json\/wp\/v2\/pages\/1334"}],"collection":[{"href":"https:\/\/www.windsorpubliclibrary.com\/learn\/index.php\/wp-json\/wp\/v2\/pages"}],"about":[{"href":"https:\/\/www.windsorpubliclibrary.com\/learn\/index.php\/wp-json\/wp\/v2\/types\/page"}],"author":[{"embeddable":true,"href":"https:\/\/www.windsorpubliclibrary.com\/learn\/index.php\/wp-json\/wp\/v2\/users\/1"}],"replies":[{"embeddable":true,"href":"https:\/\/www.windsorpubliclibrary.com\/learn\/index.php\/wp-json\/wp\/v2\/comments?post=1334"}],"version-history":[{"count":8,"href":"https:\/\/www.windsorpubliclibrary.com\/learn\/index.php\/wp-json\/wp\/v2\/pages\/1334\/revisions"}],"predecessor-version":[{"id":4050,"href":"https:\/\/www.windsorpubliclibrary.com\/learn\/index.php\/wp-json\/wp\/v2\/pages\/1334\/revisions\/4050"}],"up":[{"embeddable":true,"href":"https:\/\/www.windsorpubliclibrary.com\/learn\/index.php\/wp-json\/wp\/v2\/pages\/23"}],"wp:attachment":[{"href":"https:\/\/www.windsorpubliclibrary.com\/learn\/index.php\/wp-json\/wp\/v2\/media?parent=1334"}],"curies":[{"name":"wp","href":"https:\/\/api.w.org\/{rel}","templated":true}]}}